 i.
2
Suppose 3*d - 64 = -2*d - 4*v, -3*d = -3*v - 33. Suppose -2 = -x + d. List the prime factors of x.
2, 7
Suppose 16*y = 15*y + 34. List the prime factors of y.
2, 17
Let n(r) = -24*r. Let p be n(-1). Suppose -4*v + 2*v = -p. Let a = -5 + v. What are the prime factors of a?
7
Let i(o) = 21*o + 5. List the prime factors of i(10).
5, 43
Suppose 0 = 4*c - 3*w - 6, 4*c - c - 3*w - 3 = 0. Suppose d + c = 8. List the prime factors of d.
5
Let d(q) = -2*q - 2. Let y be 21/5 + (-3)/15. Let w be d(y). Let z = w + 22. List the prime factors of z.
2, 3
Suppose 570 = -4*n + 10*n. List the prime factors of n.
5, 19
Let x = -8 - -25. Let c = 9 + -5. Let w = x - c. List the prime factors of w.
13
Let a = -11 + 20. Let x(i) = i**2 - 6*i - 8. What are the prime factors of x(a)?
19
Let p(o) = o**2 + 2*o - 4. Let x be p(2). Suppose -j = x*j - 55. List the prime factors of j.
11
Let t be (-5)/((-2)/22 - 0). Let n = t + -33. Let b = -8 + n. List the prime factors of b.
2, 7
Suppose -3*t + 1318 - 22 = 0. Suppose 0 = f - 4*f - t. List the prime factors of f/(-15) - (-2)/5.
2, 5
Let z be (-4)/18 - 191/(-9). Let d = z + -6. List the prime factors of d.
3, 5
Let n be ((-11)/3)/(1/3). Let x = n - -16. Let d(f) = -f**2 + 8*f - 7. What are the prime factors of d(x)?
2
List the prime factors of 4524/91 + 4/14.
2, 5
Let a be (-3)/(-6) + (-9)/(-6). What are the prime factors of (9 + -2 - a) + 2?
7
Let n(j) be the third derivative of j**6/120 - j**5/10 - j**4/4 + j**3/3 + 3*j**2. What are the prime factors of n(7)?
3
Suppose -3*b + p + 2 = 17, -3*b - 27 = -5*p. Let y = 24 + -40. Let r = b - y. List the prime factors of r.
2, 3
List the prime factors of 4*(1/(-1))/(-1 - 0).
2
Suppose -3*i + 0*f + 3*f - 84 = 0, 3*i - 2*f = -85. Let m = 35 - 54. Let j = m - i. List the prime factors of j.
2, 5
Let h be 9/(-3) - (-1 - 1). Let g be -2 + 2 + h - -17. Suppose y - g = -5. What are the prime factors of y?
11
Let m(y) = -y**3 + 9*y**2 + 9*y + 4. Let n be m(8). Let q = n + -96. Suppose -3*x + 0*x - 4*r + q = 0, -4*r - 12 = -4*x. List the prime factors of x.
2
Let k be -2 + -3 + -2 + 3. List the prime factors of ((-2)/(-3))/(k/(-30)).
5
Suppose -8 = 4*h + 12. Let q = 8 + h. Suppose q*f - 15 - 15 = 0. List the prime factors of f.
2, 5
Let s = -6 - -6. Let d(z) = 6 + s*z**2 + 3*z**2 + 0 + 5*z - 2*z**2. What are the prime factors of d(-6)?
2, 3
Let r(k) = 15*k**3 - k**2 + 5*k - 4. What are the prime factors of r(2)?
2, 61
Suppose 4*i + 7 + 5 = 0. Let a(l) = -l**3 - 3*l**2 - 4*l - 2. What are the prime factors of a(i)?
2, 5
Let o(l) = -8*l + 10. Let q be o(-5). Suppose 3*m - 2*m = 2*k - q, 0 = k - 2*m - 22. List the prime factors of k.
2, 13
Let g(w) = w**2 - 2*w - 1. Let n be g(-1). Suppose n*u - 34 = -4*h, 2*u = -3*u - h + 94. What are the prime factors of u?
19
Let m(b) = -b**2 + 11*b + 12. What are the prime factors of m(11)?
2, 3
Let f(k) = k**2 - 4*k - 8. Let s be f(6). What are the prime factors of 195/12 + 3/s?
17
Let h(s) = 12*s**2 + 3*s + 3. Let t be h(-2). Let p = -27 + t. What are the prime factors of p?
2, 3
Let a = 5 - 2. Suppose -5*n + 20 + 13 = -4*s, 2*s + 19 = a*n. Let o = n + 3. What are the prime factors of o?
2
Suppose -2*z - 4*i + 10 = 2, 4*i = 4*z - 4. Suppose -3*v - z*v - 2*o = -84, -4*v + 60 = 4*o. What are the prime factors of v?
2, 3
Let t be 2/((-3)/((-9)/2)). Let v(n) = -n**3 - 6*n**2 + 7*n + 3. Let j be v(-7). Suppose -k + 3*g = -19, -t*k - 3 = -0*g + j*g. List the prime factors of k.
2
Let x(n) = n**2 - 2*n + 2. Suppose 5*q = -2*f + 17, 23 + 1 = -f + 4*q. Let z be x(f). Let g = z + -14. List the prime factors of g.
2, 3
Let n(r) = -r**3 - 5*r**2 + r + 1. Let a be n(-6). Let u = a - 19. List the prime factors of u.
2, 3
Let c be 8/(-10)*60/(-24). Suppose c*l - 50 = 5*j, 4*j = -j. List the prime factors of l.
5
Let i be (-2)/(-1) + 0/4. Suppose -h + i = -25. What are the prime factors of h?
3
Suppose -5*m = 0, 4*m = 2*c - m - 50. Suppose -7*j + c = -2*j. List the prime factors of j.
5
Let d = 170 - 116. Suppose -p = 11 - d. List the prime factors of p.
43
Let y = -6 + 10. Let n(r) = 2*r**2 - 2*r - 2. List the prime factors of n(y).
2, 11
Let p(k) = 2*k + 2. Let a be p(4). Let q be (-9)/(-2) + (-15)/a. Suppose -6*t + 2*t = j - 25, -q*j = -4*t - 11. What are the prime factors of j?
3
Let o(d) = -d**2 - 4*d - 5. Let h be o(-4). Let r = h - -9. List the prime factors of r.
2
Let i be 11/(-9) - (-4)/18. Let z be i/2 + 15/2. Suppose 4*r - z = 3*m + 7, -m = -5*r + 23. List the prime factors of m.
2
Suppose -116 = -3*u + 187. What are the prime factors of u?
101
Let w = 11 + -5. Let z be (1 + -1 + -1)/1. Let o = z + w. List the prime factors of o.
5
Suppose -4*u - 61 = -5*k, 2*u - 3*k + 29 + 4 = 0. Let d = u + 25. What are the prime factors of d?
2
Let i(o) = -o + 11. Let x be i(-7). Let t = -16 + x. What are the prime factors of t?
2
Let t be -1*1 - (-6)/(-3). Let h be ((-10)/6)/((-1)/t). Let k(u) = -u**2 - 7*u - 7. What are the prime factors of k(h)?
3
Suppose 0 = -5*o - 15, -3*j + 0*o - 3 = 4*o. Suppose 2*z - 5*u - j = -2, -3*z = -4*u + 9. Let p = -3 - z. What are the prime factors of p?
2
Let d = -2 - -2. Let b = d - -2. What are the prime factors of b?
2
Let m be (-9)/(-1 + (-3)/(-12)). List the prime factors of (-10)/(-3)*m/8.
5
Suppose 5 - 2 = 3*v + n, 2*v + 5*n + 11 = 0. Suppose -f = v*r - 2*f - 7, -3*f + 3 = 0. List the prime factors of r.
2
Suppose -5*q - 5*w = 0, q - 2*w = 10 + 5. Suppose q*k - 48 = k. Let r = k + -1. List the prime factors of r.
11
Suppose 2*f - j - 14 - 36 = 0, 0 = -5*f + 3*j + 125. What are the prime factors of f?
5
Let c be 18/(-8)*(-16)/(-6). Let l be 27/c*(-2)/3. List the prime factors of l + 2 + 3/(-1).
2
Suppose -g + 6 = 4. Suppose 0 = o + 4*y - 14, -g*o - 2*y + 7*y + 93 = 0. What are the prime factors of o?
2, 17
Suppose 2*k - 2 = 4*o, o + 3*k - 3 = -o. List the prime factors of 3 + o + 19 - 1.
3, 7
What are the prime factors of (10*-2)/((-39)/(-45) - 1)?
2, 3, 5
Let n(y) be the third derivative of -y**4/24 - y**3/2 + 3*y**2. Let u(a) = -a - 4. Let p(g) = 6*n(g) - 5*u(g). List the prime factors of p(0).
2
Let p(k) = k**2 - 7. Let b = -6 - -12. Let a be p(b). Suppose -3*y = -a - 13. What are the prime factors of y?
2, 7
Let z = -3 + 5. Let m = z + -2. Suppose h + 5*c = 2, m*h + 2*h = 2*c + 4. What are the prime factors of h?
2
Let h = 54 + -27. Let v = -16 + h. List the prime factors of v.
11
Let j(z) = z**3 + z**2 + 2*z + 2. Let y be j(-3). Let b = 42 + y. List the prime factors of b.
2, 5
Let d be (-2 - 2)/(-2) - -13. Suppose -d = -4*b + 5. Suppose 0 = -b*k + 26 - 11. List the prime factors of k.
3
Suppose h + 3*r + 13 = 62, 5*h + r - 245 = 0. Let a = 74 - h. List the prime factors of a.
5
Let p(f) = f**3 + 4*f**2 + 3*f + 1. Let r(b) = 1. Let v(l) = -p(l) + 4*r(l). Let g be v(-3). What are the prime factors of g/(-12) - (-17)/4?
2
Suppose 79 + 16 = 5*u. What are the prime factors of u?
19
Suppose -2*b = -11*b + 162. List the prime factors of b.
2, 3
Suppose 0 = 2*b + 3*c - 295, -3*c - 136 - 570 = -5*b. What are the prime factors of b?
11, 13
Suppose 4*p = 5*f - 15 - 7, -13 = 5*p + f. List the prime factors of (-2)/p*105/10.
7
Suppose 4*c + 39 = s, -c - 12 = -8. List the prime factors of s.
23
List the prime factors of 2/3 + 1184/6.
2, 3, 11
Let d(m) = 3*m - 11. What are the prime factors of d(14)?
31
Let c(o) = o**3 + 8*o**2 + 7*o - 6. Let s(f) = -f**3 - 5*f**2 - 4*f - 6. Let w be s(-4). Let a be c(w). What are the prime factors of 124/a + (-2)/12?
5
Let b(t) = -t**3 - 8*t**2 - 8*t - 8. Let m be b(-7). Let f(n) = 8*n**2 + 2*n + 1. What are the prime factors of f(m)?
7
Let z(d) = d - 4. Let n be z(4). Suppose 3*q - 95 = -5*m + 2*q, n = 3*m + 4*q - 57. List the prime factors of m.
19
Let o(h) = -h + 18. Let y be 19/2 - (-6)/4. Let j be o(y). Suppose -4*b + 25 = -j. What are the prime factors of b?
2
Let v(r) = -6*r**3 - 1. Let x be v(-1). Suppose -7 = -x*p + 73. List the prime factors of p.
2
Suppose -151 = -4*l + 125. List the prime factors of l.
3, 23
Suppose 0 = 3*b + 2*a - 67, -b + 0*a = -2*a - 33. List the prime factors of b.
5
Suppose 4*f - 25 = -0*h - 3*h, 5 = h - 2*f. What are the prime factors of h?
7
Let k = 200 + -142. What are the prime factors of k?
2, 29
Suppose 0*c - 5 = c - k, -18 = 4*c - 5*k. Let q = 15 - 26. L